{"id":5716,"date":"2022-11-07T10:51:00","date_gmt":"2022-11-07T09:51:00","guid":{"rendered":"https:\/\/charlinerobache.com\/?post_type=product&#038;p=5716"},"modified":"2026-04-27T21:35:21","modified_gmt":"2026-04-27T19:35:21","slug":"presse-agrumes","status":"publish","type":"product","link":"https:\/\/charlinerobache.com\/index.php\/produit\/presse-agrumes\/","title":{"rendered":"presse-agrumes"},"content":{"rendered":"<p class=\"p1\">les envois se font par Mondial Relay, merci de m\u2019indiquer votre point relais pr\u00e9f\u00e9r\u00e9 en commentaire \u00e0 la validation du panier. \u00e0 d\u00e9faut je choisirai automatiquement le plus proche de votre adresse postale.<\/p>\n","protected":false},"excerpt":{"rendered":"<p>presse-agrumes en gr\u00e8s recycl\u00e9, engobe, \u00e9mail.<\/p>\n<p>diam\u00e8tre approximatif: 16cm.<\/p>\n<p>lave-vaisselle ok.<\/p>\n","protected":false},"featured_media":7692,"template":"","meta":{"_monsterinsights_skip_tracking":false,"_monsterinsights_sitenote_active":false,"_monsterinsights_sitenote_note":"","_monsterinsights_sitenote_category":0},"product_brand":[],"product_cat":[16],"product_tag":[],"class_list":{"0":"post-5716","1":"product","2":"type-product","3":"status-publish","4":"has-post-thumbnail","6":"product_cat-charline-robache","8":"first","9":"instock","10":"shipping-taxable","11":"purchasable","12":"product-type-simple"},"yoast_head":"<!-- This site is optimized with the Yoast SEO plugin v27.5 - https:\/\/yoast.com\/product\/yoast-seo-wordpress\/ -->\n<title>presse-agrumes -<\/title>\n<meta name=\"robots\" content=\"index, follow, max-snippet:-1, max-image-preview:large, max-video-preview:-1\" \/>\n<link rel=\"canonical\" href=\"https:\/\/charlinerobache.com\/index.php\/produit\/presse-agrumes\/\" \/>\n<meta property=\"og:locale\" content=\"fr_FR\" \/>\n<meta property=\"og:type\" content=\"article\" \/>\n<meta property=\"og:title\" content=\"presse-agrumes -\" \/>\n<meta property=\"og:description\" content=\"presse-agrumes en gr\u00e8s recycl\u00e9, engobe, \u00e9mail.  diam\u00e8tre approximatif: 16cm.  lave-vaisselle ok.\" \/>\n<meta property=\"og:url\" content=\"https:\/\/charlinerobache.com\/index.php\/produit\/presse-agrumes\/\" \/>\n<meta property=\"article:publisher\" content=\"https:\/\/www.facebook.com\/Charline-Robache-101303847982910\/\" \/>\n<meta property=\"article:modified_time\" content=\"2026-04-27T19:35:21+00:00\" \/>\n<meta property=\"og:image\" content=\"https:\/\/charlinerobache.com\/wp-content\/uploads\/2026\/03\/16020B62-D45F-424E-BEE1-4299CEE4B53D_1_201_a-scaled.jpeg\" \/>\n\t<meta property=\"og:image:width\" content=\"2048\" \/>\n\t<meta property=\"og:image:height\" content=\"2560\" \/>\n\t<meta property=\"og:image:type\" content=\"image\/jpeg\" \/>\n<meta name=\"twitter:card\" content=\"summary_large_image\" \/>\n<meta name=\"twitter:label1\" content=\"Dur\u00e9e de lecture estim\u00e9e\" \/>\n\t<meta name=\"twitter:data1\" content=\"1 minute\" \/>\n<script type=\"application\/ld+json\" class=\"yoast-schema-graph\">{\"@context\":\"https:\\\/\\\/schema.org\",\"@graph\":[{\"@type\":\"WebPage\",\"@id\":\"https:\\\/\\\/charlinerobache.com\\\/index.php\\\/produit\\\/presse-agrumes\\\/\",\"url\":\"https:\\\/\\\/charlinerobache.com\\\/index.php\\\/produit\\\/presse-agrumes\\\/\",\"name\":\"presse-agrumes -\",\"isPartOf\":{\"@id\":\"https:\\\/\\\/charlinerobache.com\\\/#website\"},\"primaryImageOfPage\":{\"@id\":\"https:\\\/\\\/charlinerobache.com\\\/index.php\\\/produit\\\/presse-agrumes\\\/#primaryimage\"},\"image\":{\"@id\":\"https:\\\/\\\/charlinerobache.com\\\/index.php\\\/produit\\\/presse-agrumes\\\/#primaryimage\"},\"thumbnailUrl\":\"https:\\\/\\\/charlinerobache.com\\\/wp-content\\\/uploads\\\/2026\\\/03\\\/16020B62-D45F-424E-BEE1-4299CEE4B53D_1_201_a-scaled.jpeg\",\"datePublished\":\"2022-11-07T09:51:00+00:00\",\"dateModified\":\"2026-04-27T19:35:21+00:00\",\"breadcrumb\":{\"@id\":\"https:\\\/\\\/charlinerobache.com\\\/index.php\\\/produit\\\/presse-agrumes\\\/#breadcrumb\"},\"inLanguage\":\"fr-FR\",\"potentialAction\":[{\"@type\":\"ReadAction\",\"target\":[\"https:\\\/\\\/charlinerobache.com\\\/index.php\\\/produit\\\/presse-agrumes\\\/\"]}]},{\"@type\":\"ImageObject\",\"inLanguage\":\"fr-FR\",\"@id\":\"https:\\\/\\\/charlinerobache.com\\\/index.php\\\/produit\\\/presse-agrumes\\\/#primaryimage\",\"url\":\"https:\\\/\\\/charlinerobache.com\\\/wp-content\\\/uploads\\\/2026\\\/03\\\/16020B62-D45F-424E-BEE1-4299CEE4B53D_1_201_a-scaled.jpeg\",\"contentUrl\":\"https:\\\/\\\/charlinerobache.com\\\/wp-content\\\/uploads\\\/2026\\\/03\\\/16020B62-D45F-424E-BEE1-4299CEE4B53D_1_201_a-scaled.jpeg\",\"width\":2048,\"height\":2560},{\"@type\":\"BreadcrumbList\",\"@id\":\"https:\\\/\\\/charlinerobache.com\\\/index.php\\\/produit\\\/presse-agrumes\\\/#breadcrumb\",\"itemListElement\":[{\"@type\":\"ListItem\",\"position\":1,\"name\":\"Accueil\",\"item\":\"https:\\\/\\\/charlinerobache.com\\\/\"},{\"@type\":\"ListItem\",\"position\":2,\"name\":\"Boutique\",\"item\":\"https:\\\/\\\/charlinerobache.com\\\/index.php\\\/boutique\\\/\"},{\"@type\":\"ListItem\",\"position\":3,\"name\":\"presse-agrumes\"}]},{\"@type\":\"WebSite\",\"@id\":\"https:\\\/\\\/charlinerobache.com\\\/#website\",\"url\":\"https:\\\/\\\/charlinerobache.com\\\/\",\"name\":\"\",\"description\":\"\",\"potentialAction\":[{\"@type\":\"SearchAction\",\"target\":{\"@type\":\"EntryPoint\",\"urlTemplate\":\"https:\\\/\\\/charlinerobache.com\\\/?s={search_term_string}\"},\"query-input\":{\"@type\":\"PropertyValueSpecification\",\"valueRequired\":true,\"valueName\":\"search_term_string\"}}],\"inLanguage\":\"fr-FR\"}]}<\/script>\n<!-- \/ Yoast SEO plugin. -->","yoast_head_json":{"title":"presse-agrumes -","robots":{"index":"index","follow":"follow","max-snippet":"max-snippet:-1","max-image-preview":"max-image-preview:large","max-video-preview":"max-video-preview:-1"},"canonical":"https:\/\/charlinerobache.com\/index.php\/produit\/presse-agrumes\/","og_locale":"fr_FR","og_type":"article","og_title":"presse-agrumes -","og_description":"presse-agrumes en gr\u00e8s recycl\u00e9, engobe, \u00e9mail.  diam\u00e8tre approximatif: 16cm.  lave-vaisselle ok.","og_url":"https:\/\/charlinerobache.com\/index.php\/produit\/presse-agrumes\/","article_publisher":"https:\/\/www.facebook.com\/Charline-Robache-101303847982910\/","article_modified_time":"2026-04-27T19:35:21+00:00","og_image":[{"width":2048,"height":2560,"url":"https:\/\/charlinerobache.com\/wp-content\/uploads\/2026\/03\/16020B62-D45F-424E-BEE1-4299CEE4B53D_1_201_a-scaled.jpeg","type":"image\/jpeg"}],"twitter_card":"summary_large_image","twitter_misc":{"Dur\u00e9e de lecture estim\u00e9e":"1 minute"},"schema":{"@context":"https:\/\/schema.org","@graph":[{"@type":"WebPage","@id":"https:\/\/charlinerobache.com\/index.php\/produit\/presse-agrumes\/","url":"https:\/\/charlinerobache.com\/index.php\/produit\/presse-agrumes\/","name":"presse-agrumes -","isPartOf":{"@id":"https:\/\/charlinerobache.com\/#website"},"primaryImageOfPage":{"@id":"https:\/\/charlinerobache.com\/index.php\/produit\/presse-agrumes\/#primaryimage"},"image":{"@id":"https:\/\/charlinerobache.com\/index.php\/produit\/presse-agrumes\/#primaryimage"},"thumbnailUrl":"https:\/\/charlinerobache.com\/wp-content\/uploads\/2026\/03\/16020B62-D45F-424E-BEE1-4299CEE4B53D_1_201_a-scaled.jpeg","datePublished":"2022-11-07T09:51:00+00:00","dateModified":"2026-04-27T19:35:21+00:00","breadcrumb":{"@id":"https:\/\/charlinerobache.com\/index.php\/produit\/presse-agrumes\/#breadcrumb"},"inLanguage":"fr-FR","potentialAction":[{"@type":"ReadAction","target":["https:\/\/charlinerobache.com\/index.php\/produit\/presse-agrumes\/"]}]},{"@type":"ImageObject","inLanguage":"fr-FR","@id":"https:\/\/charlinerobache.com\/index.php\/produit\/presse-agrumes\/#primaryimage","url":"https:\/\/charlinerobache.com\/wp-content\/uploads\/2026\/03\/16020B62-D45F-424E-BEE1-4299CEE4B53D_1_201_a-scaled.jpeg","contentUrl":"https:\/\/charlinerobache.com\/wp-content\/uploads\/2026\/03\/16020B62-D45F-424E-BEE1-4299CEE4B53D_1_201_a-scaled.jpeg","width":2048,"height":2560},{"@type":"BreadcrumbList","@id":"https:\/\/charlinerobache.com\/index.php\/produit\/presse-agrumes\/#breadcrumb","itemListElement":[{"@type":"ListItem","position":1,"name":"Accueil","item":"https:\/\/charlinerobache.com\/"},{"@type":"ListItem","position":2,"name":"Boutique","item":"https:\/\/charlinerobache.com\/index.php\/boutique\/"},{"@type":"ListItem","position":3,"name":"presse-agrumes"}]},{"@type":"WebSite","@id":"https:\/\/charlinerobache.com\/#website","url":"https:\/\/charlinerobache.com\/","name":"","description":"","potentialAction":[{"@type":"SearchAction","target":{"@type":"EntryPoint","urlTemplate":"https:\/\/charlinerobache.com\/?s={search_term_string}"},"query-input":{"@type":"PropertyValueSpecification","valueRequired":true,"valueName":"search_term_string"}}],"inLanguage":"fr-FR"}]}},"jetpack_sharing_enabled":true,"_links":{"self":[{"href":"https:\/\/charlinerobache.com\/index.php\/wp-json\/wp\/v2\/product\/5716","targetHints":{"allow":["GET"]}}],"collection":[{"href":"https:\/\/charlinerobache.com\/index.php\/wp-json\/wp\/v2\/product"}],"about":[{"href":"https:\/\/charlinerobache.com\/index.php\/wp-json\/wp\/v2\/types\/product"}],"version-history":[{"count":7,"href":"https:\/\/charlinerobache.com\/index.php\/wp-json\/wp\/v2\/product\/5716\/revisions"}],"predecessor-version":[{"id":7707,"href":"https:\/\/charlinerobache.com\/index.php\/wp-json\/wp\/v2\/product\/5716\/revisions\/7707"}],"wp:featuredmedia":[{"embeddable":true,"href":"https:\/\/charlinerobache.com\/index.php\/wp-json\/wp\/v2\/media\/7692"}],"wp:attachment":[{"href":"https:\/\/charlinerobache.com\/index.php\/wp-json\/wp\/v2\/media?parent=5716"}],"wp:term":[{"taxonomy":"product_brand","embeddable":true,"href":"https:\/\/charlinerobache.com\/index.php\/wp-json\/wp\/v2\/product_brand?post=5716"},{"taxonomy":"product_cat","embeddable":true,"href":"https:\/\/charlinerobache.com\/index.php\/wp-json\/wp\/v2\/product_cat?post=5716"},{"taxonomy":"product_tag","embeddable":true,"href":"https:\/\/charlinerobache.com\/index.php\/wp-json\/wp\/v2\/product_tag?post=5716"}],"curies":[{"name":"wp","href":"https:\/\/api.w.org\/{rel}","templated":true}]}}

<p class="p1">les envois se font par Mondial Relay, merci de m’indiquer votre point relais préféré en commentaire à la validation du panier. à défaut je choisirai automatiquement le plus proche de votre adresse postale.</p>

<p>presse-agrumes en grès recyclé, engobe, émail.</p>
<p>diamètre approximatif: 16cm.</p>
<p>lave-vaisselle ok.</p>

<!-- This site is optimized with the Yoast SEO plugin v27.5 - https://yoast.com/product/yoast-seo-wordpress/ -->
<title>presse-agrumes -</title>
<meta name="robots" content="index, follow, max-snippet:-1, max-image-preview:large, max-video-preview:-1" />
<link rel="canonical" href="https://charlinerobache.com/index.php/produit/presse-agrumes/" />
<meta property="og:locale" content="fr_FR" />
<meta property="og:type" content="article" />
<meta property="og:title" content="presse-agrumes -" />
<meta property="og:description" content="presse-agrumes en grès recyclé, engobe, émail.  diamètre approximatif: 16cm.  lave-vaisselle ok." />
<meta property="og:url" content="https://charlinerobache.com/index.php/produit/presse-agrumes/" />
<meta property="article:publisher" content="https://www.facebook.com/Charline-Robache-101303847982910/" />
<meta property="article:modified_time" content="2026-04-27T19:35:21+00:00" />
<meta property="og:image" content="https://charlinerobache.com/wp-content/uploads/2026/03/16020B62-D45F-424E-BEE1-4299CEE4B53D_1_201_a-scaled.jpeg" />
	<meta property="og:image:width" content="2048" />
	<meta property="og:image:height" content="2560" />
	<meta property="og:image:type" content="image/jpeg" />
<meta name="twitter:card" content="summary_large_image" />
<meta name="twitter:label1" content="Durée de lecture estimée" />
	<meta name="twitter:data1" content="1 minute" />
<script type="application/ld+json" class="yoast-schema-graph">{"@context":"https:\/\/schema.org","@graph":[{"@type":"WebPage","@id":"https:\/\/charlinerobache.com\/index.php\/produit\/presse-agrumes\/","url":"https:\/\/charlinerobache.com\/index.php\/produit\/presse-agrumes\/","name":"presse-agrumes -","isPartOf":{"@id":"https:\/\/charlinerobache.com\/#website"},"primaryImageOfPage":{"@id":"https:\/\/charlinerobache.com\/index.php\/produit\/presse-agrumes\/#primaryimage"},"image":{"@id":"https:\/\/charlinerobache.com\/index.php\/produit\/presse-agrumes\/#primaryimage"},"thumbnailUrl":"https:\/\/charlinerobache.com\/wp-content\/uploads\/2026\/03\/16020B62-D45F-424E-BEE1-4299CEE4B53D_1_201_a-scaled.jpeg","datePublished":"2022-11-07T09:51:00+00:00","dateModified":"2026-04-27T19:35:21+00:00","breadcrumb":{"@id":"https:\/\/charlinerobache.com\/index.php\/produit\/presse-agrumes\/#breadcrumb"},"inLanguage":"fr-FR","potentialAction":[{"@type":"ReadAction","target":["https:\/\/charlinerobache.com\/index.php\/produit\/presse-agrumes\/"]}]},{"@type":"ImageObject","inLanguage":"fr-FR","@id":"https:\/\/charlinerobache.com\/index.php\/produit\/presse-agrumes\/#primaryimage","url":"https:\/\/charlinerobache.com\/wp-content\/uploads\/2026\/03\/16020B62-D45F-424E-BEE1-4299CEE4B53D_1_201_a-scaled.jpeg","contentUrl":"https:\/\/charlinerobache.com\/wp-content\/uploads\/2026\/03\/16020B62-D45F-424E-BEE1-4299CEE4B53D_1_201_a-scaled.jpeg","width":2048,"height":2560},{"@type":"BreadcrumbList","@id":"https:\/\/charlinerobache.com\/index.php\/produit\/presse-agrumes\/#breadcrumb","itemListElement":[{"@type":"ListItem","position":1,"name":"Accueil","item":"https:\/\/charlinerobache.com\/"},{"@type":"ListItem","position":2,"name":"Boutique","item":"https:\/\/charlinerobache.com\/index.php\/boutique\/"},{"@type":"ListItem","position":3,"name":"presse-agrumes"}]},{"@type":"WebSite","@id":"https:\/\/charlinerobache.com\/#website","url":"https:\/\/charlinerobache.com\/","name":"","description":"","potentialAction":[{"@type":"SearchAction","target":{"@type":"EntryPoint","urlTemplate":"https:\/\/charlinerobache.com\/?s={search_term_string}"},"query-input":{"@type":"PropertyValueSpecification","valueRequired":true,"valueName":"search_term_string"}}],"inLanguage":"fr-FR"}]}</script>
<!-- / Yoast SEO plugin. -->

presse-agrumes en grès recyclé, engobe, émail.  diamètre approximatif: 16cm.  lave-vaisselle ok.
